 + 387. Calculate p(16).
-5
Let z(g) = -16*g**2 - 13*g - 8. Let n(k) = -25*k**2 - 20*k - 12. Let c(j) = -5*n(j) + 8*z(j). What is c(-3)?
-19
Let y be 1 + (3 + -2)*1. Suppose 3*v + y*v - 20 = 0. Let c(f) be the second derivative of f**3/3 - f**2 + 389*f. What is c(v)?
6
Let h(c) be the third derivative of c**6/60 + c**5/20 - c**4/8 - c**3/6 - 18*c**2 - 8*c. Determine h(2).
21
Let p(g) = -g**2 + 6*g + 5. Let f(i) = -3*i - 7 + 0 + 3 - 19. Let o be f(-10). Determine p(o).
-2
Let m(c) be the third derivative of -c**6/30 - c**5/15 - c**4/8 - c**3/6 - 28*c**2 - 5*c. Determine m(-2).
21
Let a(i) = 5*i**3 + 17*i**2 - 2*i - 2. Let q(w) = w**3 + 2*w**2 - 2*w + 1. Let u(n) = -a(n) + 4*q(n). Give u(-8).
-10
Let o be 48/64 - (-2)/(32/(-12)). Let u(i) be the third derivative of o*i - 1/12*i**4 + 7*i**2 + 0 - 1/6*i**3. Give u(1).
-3
Let a(o) = o + 9. Let u(w) = -12*w - 98. Let q(d) = 22*a(d) + 2*u(d). Let f = 0 + -5. Calculate q(f).
12
Let r(b) be the third derivative of -b**4/24 + 2*b**3/3 - b**2. Suppose j + 12 = 2*j. Let p be -5 + j - (4 + -1). Determine r(p).
0
Let d(m) be the third derivative of -11*m**5/60 + 13*m**4/12 + 11*m**3/6 - 9*m**2. Let q(a) = -4*a**2 + 9*a + 4. Let b(l) = 6*d(l) - 17*q(l). Give b(-3).
7
Let i(v) = v**2 - 6*v + 12. Let r = -1511 + 1519. Give i(r).
28
Let b(z) = 29*z + 38. Let r(n) = 30*n + 36. Let m(a) = 5*b(a) - 4*r(a). What is m(-2)?
-4
Suppose -8*k - 889 + 857 = 0. Let m(f) = 3 - 3 - 1 + f. Determine m(k).
-5
Let p(s) be the first derivative of -51 - 12*s - 1/3*s**3 - 11/2*s**2. What is p(-9)?
6
Let x(t) be the third derivative of 1/15*t**5 + 0*t + 4*t**2 - 1/12*t**4 + 1/6*t**3 + 0. Determine x(2).
13
Let w(u) be the first derivative of -3 - 3*u - 2/3*u**3 - u**2 - 1/4*u**4. Determine w(-3).
12
Let f be 76/(-12) + 7 + (-742)/6. Let n = 128 + f. Let m(d) = -2*d + 5. Determine m(n).
-5
Let w(r) = 353*r**3 - 11*r**2 + 356*r**3 - 707*r**3 - 6*r - 4. Give w(6).
-4
Let y(g) = -2 - g + 2. Let x = 53 + -49. Suppose x*b + 0*b - 28 = 0. Give y(b).
-7
Let l(p) = -6 - 5*p**2 - 5*p**3 + 8*p - 4*p + 2*p + 4*p**3. Let w be (9/(-5))/((-2)/10). Suppose 2*q + 3 = -w. What is l(q)?
-6
Let g(f) = -f**3 + 7*f**2 + 8*f - 11. Let b = -872 - -880. Give g(b).
-11
Let p(v) be the third derivative of -v**4/8 + 3*v**3/2 + 165*v**2 + 1. Suppose 0*a + a = 2. Suppose a*m = 0, -4*m - 21 = -3*q - 6*m. Calculate p(q).
-12
Let q(u) = 2*u**2 + 75*u - 3. Let t be q(0). Let o(k) = -k**3 + k**2 + 8*k + 7. Calculate o(t).
19
Let h(z) be the first derivative of z**4/4 - 11*z**3/3 + z**2 - 22*z + 6. Let y be h(11). Let a(f) = -f**2 - 2. Give a(y).
-2
Let f = -1 + 3. Let z(p) = -p - 3 + f + 2*p. Let w = 36 + -41. Calculate z(w).
-6
Let q(l) = l**3 + 6*l**2 + 2*l - 7. Let o(x) = -2*x - 9. Let m be o(-4). Let g be (-1 - -2)*m*-1. Let h = g + -6. Give q(h).
8
Let z be -6 + (9 - 264/32)*(-1 + 5). Let w(q) = 3 + 1 - q + 0. Give w(z).
7
Let c(u) be the first derivative of 1/4*u**4 + 5/3*u**3 - 6*u - 10 - u**2. Let d be (-2 - -2) + 10/(-2). Determine c(d).
4
Let g(r) be the third derivative of 0*r + 0 + 1/12*r**4 - 33*r**2 - 1/60*r**5 + 1/2*r**3. Determine g(-3).
-12
Let q(g) = -4 + 0*g**2 - 11*g - 5 - g**2. Suppose -58 + 225 + 63 = -23*a. What is q(a)?
1
Let w(d) = -2*d**2 - 17*d - 3. Let o be (215/(-31) + 122/(-1891))/1. Give w(o).
18
Let n(i) = -97*i**2 - 2*i + 1 + 6*i + 193*i**2 - 95*i**2 + 1. Calculate n(-6).
14
Let n(q) = 4*q**3 - 6*q**2 - 3*q + 9. Let d(l) = 5*l**3 - 6*l**2 - 3*l + 9. Let p(t) = 3*d(t) - 4*n(t). Let c(w) = -4*w - 18. Let g be c(-6). Calculate p(g).
9
Let u(j) be the first derivative of -j**4/4 + 10*j**3/3 - 5*j**2 + 13*j - 428. Give u(9).
4
Let s be (-1)/(((-15)/18)/(-5)). Let p(b) = -2*b + 7*b**2 + 1 + b + b**3 + 4*b - 6. What is p(s)?
13
Let u(y) be the second derivative of 0*y**2 + 0 + 0*y**3 + 2*y - 1/2*y**4 - 1/360*y**6 - 1/20*y**5. Let g(r) be the third derivative of u(r). Give g(-5).
4
Let q(u) = 5*u**2 - 30*u + 5. Let k be -6*(-7 + (-21 + -3)/(-4)). Calculate q(k).
5
Let z(n) = n**2 + n + 1. Let v(r) = -4*r**2 - 16*r - 1. Let h(i) = v(i) + 5*z(i). Determine h(7).
-24
Let h = 173 - 174. Let p(s) = 20*s**3 - s - 1. Give p(h).
-20
Suppose v - 31 = -9. Let k(j) = -j**2 - 9*j**3 + 4 - j**2 - 12*j**3 - 5*j + v*j**3. Give k(4).
16
Let t(k) = -3*k + 33 - 33 + k. Let f(i) = -5*i + 0*i - i**2 - 5 + 2*i**2. Let v be f(6). Give t(v).
-2
Let s(v) = -2*v**3 + v + 0*v + v**2 + 2*v**2 + v**3. Suppose -10*r + 9 = -7*r. Determine s(r).
3
Suppose -2*i = -m - 4, 5 = -2*i + 3*m + 1. Let b(h) = -2 - i - 2*h + 1. Let g(n) = n**3 + 12*n**2 + 14*n + 27. Let s be g(-11). Give b(s).
7
Let d(u) = 2*u**3 - 21*u**2 + 31*u - 7. Let j(f) = f**3 - 10*f**2 + 15*f - 3. Let i(r) = 4*d(r) - 9*j(r). Give i(3).
-7
Let l(i) = -3*i + 1. Let b be l(2). Suppose 20 = 7*o - 3*o. Let c(w) = o - 2 + w + 7 - 4. What is c(b)?
1
Let t(l) be the second derivative of 4*l**3/3 + l**2/2 - 2*l - 3. Calculate t(-1).
-7
Let p(x) = x - 11. Let a be (-3)/24 - (-410)/80. Give p(a).
-6
Let j(g) = -116*g - 116*g - 115*g + 24 + 346*g. Calculate j(7).
17
Suppose 12*k = 6*k + 18. Suppose 5*q - 2*a = -k*a + 13, -5*q + a = -17. Let h(r) = r - q + 0 + 0 + 1. Determine h(-4).
-6
Let l(d) = d**3 + 4*d**2 - 4*d. Let z be l(-5). Let p(c) be the first derivative of c**3/3 + 2*c**2 - 7*c + 40. Calculate p(z).
-2
Let a = -53 - -75. Let b = a + -15. Let k(v) = -v + 10. Determine k(b).
3
Let f(r) = -12*r + 136. Let i be f(11). Let j(d) = 5*d**2 - 7*d + 4. Determine j(i).
56
Let x(l) = l**3 - 6*l**2 + 4*l - 1. Suppose -11*g = 20 - 75. Calculate x(g).
-6
Let h = -3656 + 3657. Let k(x) = -2 + 1 - 3*x + x. What is k(h)?
-3
Let m(n) = 3*n + 2*n - 4 - 4*n. Let c(j) = -j + 1. Let h be c(2). Let a = -5 + h. Give m(a).
-10
Let u(o) = -4*o + 4. Suppose 2*z - 6 = 2*a, -5*a - 3 = -z - 10*a. Determine u(z).
-8
Let u(k) = 4*k**3 + 4*k**2 + 3*k + 9. Let f(w) = -5*w**3 - 4*w**2 - 2*w - 10. Let y(i) = -3*f(i) - 4*u(i). Give y(-3).
3
Let s(v) = -4 + 3 + 4*v**2 + 3*v**2 - 6*v**2. Let l(o) = 2*o**2 - 4*o + 5. Let d(c) = -l(c) + 3*s(c). Determine d(-6).
4
Let q(f) = -2*f + 8. Let n be 7 + 3*(-3)/9. Calculate q(n).
-4
Let x(w) be the first derivative of 0*w**2 + 16*w + 1/4*w**4 + 1/3*w**3 + 25. Determine x(0).
16
Suppose 4 = -3*d - d. Let h(r) = -48*r. Let q(m) = -57*m. Let y(t) = -5*h(t) + 4*q(t). Determine y(d).
-12
Let s(x) = -x - 9. Let k(i) = i + 11. Let h(p) = 5*k(p) + 6*s(p). Let q(m) = m**3 - 7*m**2 + 8*m - 7. Let z be q(6). What is h(z)?
-4
Let a(u) = -20*u - 5. Let f(r) = 2*r - 4. Let m be f(5). Let g(b) = 0 - 5*b - m - 14*b + 2. Let l(c) = 5*a(c) - 6*g(c). Give l(1).
13
Let i(t) = 8*t**2 + 3*t - 1. Suppose 480*l = 484*l - 4. Calculate i(l).
10
Let p = 2322 - 2319. Let l(k) = -k**3 + 5*k**2 + 4*k - 3. Calculate l(p).
27
Suppose -11*c - 10 = -9*c. Let q = c - -15. Suppose -5*z - q = 3*v, -3*v + 2*z = -4*v - 4. Let y(x) = -x**2 + x - 9. Calculate y(v).
-9
Let g = -13 - -12. Let p be g/((-18)/(-8) + -2). Let a(f) be the second derivative of -f**4/12 - 2*f**3/3 - f. Determine a(p).
0
Let u(k) = -17*k**3 + 11*k**2 - 7*k - 2. Let i(z) = -6*z**3 + z**2 + z. Let j(w) = -3*i(w) + u(w). Suppose 45 = -l - 4*l. Calculate j(l).
7
Let m = -977 + 974. Let i(n) = 4*n + 4. What is i(m)?
-8
Let l(z) = z**2 - 5*z. Let u(k) = -13*k + 396. Let y be u(30). Give l(y).
6
Let q(i) = 4*i - 1. Let z(h) = 2*h. Let v(y) = -y. Let x(k) = -7*v(k) - 4*z(k). Let c(g) = -4*q(g) - 20*x(g). Determine c(-6).
-20
Let x(b) = -22*b - 14. Let c(v) = 3*v + 2. Let p(i) = -28*c(i) - 4*x(i). Suppose -3*l + 4 = 1. Calculate p(l).
4
Let k(w) be the third derivative of 0*w + 0 + 1/6*w**3 + 12*w**2 + 1/10*w**5 + 1/6*w**4 + 1/120*w**6. Calculate k(-5).
6
Let y(x) = -x**2 - 3*x + 2. Let n be y(-3). Suppose 1 = -h + n*h. Suppose h = -r - 4. Let j(m) = -3*m - 3. Give j(r).
12
Let x(l) = l**3 - 5*l**2 - 4*l + 5. Let o = 497 - 492. Determine x(o).
-15
Let o(w) = -w - 235 + 235. Let b be 3 + (0 - 1)/(-4 + 3). Give o(b).
-4
Let w(a) = 19*a**2 + 27*a - 25. Let k(q) = 24*q**2 + 28*q - 23. Let m(d) = -4*k(d) + 5*w(d). Determine m(21).
9
Let b be 19/(-3) + 2 + (-4)/6. Let s(j) = -2*j**2 - 14*j. Let o(v) = -3*v**2 - 21*v. Let c(a) = -5*o(a) + 7*s(a). What is c(b)?
-10
Suppose -4*k + 27 = 4*v + 75, -3*v = 4*k + 31. Let s(l) = -2*l**2 - 36*l - 35. Give s(v).
-1
Suppose 2*l + 6 = 2. Let g(